(-4433004))?
2
Suppose 21*b - 3468 = -2*b + 17531. What is the tens digit of b?
1
Suppose 32*p - 174717 = 23*p. Suppose 40*w + 1133 - p = 0. What is the units digit of w?
7
Suppose 169*l = 161*l + 147544. What is the hundreds digit of l?
4
Suppose -x = -5*n - 27944, 3*x - 2*n - 83882 = 3*n. What is the hundreds digit of x?
9
Suppose 17 + 35 = 4*o + 2*h, -5*o + 59 = h. Suppose o*s - 610 = 2613. What is the tens digit of s?
9
Let j(w) = -2*w**2 - 4*w + 39. Let p(l) = -7*l**2 - 16*l + 157. Let d(z) = 9*j(z) - 2*p(z). Let c be d(13). Let m = -487 - c. What is the tens digit of m?
0
Let c be (-314)/(-7)*(16 - 9). Suppose -4*a = -4*f - 672, -3*f - c = -4*a + 194. Let p = f + 248. What is the tens digit of p?
8
What is the units digit of ((-9969)/(-12))/((-132)/1122 - (-226)/1632)?
6
What is the hundreds digit of 1*(-2)/4 + 16077465/1830?
7
Suppose -32*k + 5 = x - 30*k, k = -x + 9. Let z(q) = -q**3 - q**2 + 2884. Let s be z(0). Suppose x*d = -d + s. What is the units digit of d?
6
Let u(g) = -532*g - 42. Suppose -4*l - 11 = -3. What is the thousands digit of u(l)?
1
Let p = -1392 - -747. What is the hundreds digit of 652/6*p/(-86)?
8
Suppose -3*g + 18 + 0 = m, -2*m = -2*g - 68. Suppose m*f + 152 = 32*f. What is the units digit of f?
6
Let b(r) = -24240*r + 534. What is the units digit of b(-1)?
4
Let w = 362 + -242. What is the tens digit of (181/5)/(24/w)?
8
Suppose 22 = -2*n + 2. Let t(u) be the third derivative of u**6/120 + u**5/6 - u**4/3 + 3*u**3/2 - u**2 - 52. What is the units digit of t(n)?
9
Let z(f) = f**3 + 10*f**2 - 8. Let h be z(-4). Suppose -5*i = 4*m - 1199, 3*m - 973 = i - h. What is the hundreds digit of m?
2
Suppose 105547 = 31*t - t - 41213. What is the hundreds digit of t?
8
Suppose 51*z - 52*z + w = -12025, -3*z + 36078 = -4*w. What is the tens digit of z?
2
Let q = -14 + 20. Suppose 5*u = q*u + 3. What is the units digit of 5 - (u - -5) - (2 - 95)?
6
Suppose 22*h - 9*h = 234. Suppose -h*g = -33*g + 13530. What is the hundreds digit of g?
9
Suppose 0 = 4*a + 24, 16*v - 5*a = 21*v - 107410. What is the ten thousands digit of v?
2
Let y = 81 + -79. What is the hundreds digit of 1 - ((-3)/6)/(y/956)?
2
Suppose 0 = 9*z - 10*z - 4*t + 4, -56 = -5*z - 2*t. Let f(r) = 7*r**2 - 4*r + 63. What is the units digit of f(z)?
3
Suppose -10202 = -5*i + 2*b + 2*b, b + 4079 = 2*i. Let n be (-4)/(-34) - i/(-17). Suppose 0 = -4*s + 112 + n. What is the units digit of s?
8
Let z = 15512 - 1246. What is the hundreds digit of z?
2
Suppose 203 + 157 = -24*f. Let x = f - -711. What is the tens digit of x?
9
Suppose 4530 = -263*s + 268*s. Let z = 1300 - s. What is the hundreds digit of z?
3
Suppose 0 = -s + 2*b - 6*b + 4, 5*b - 5 = 3*s. Suppose s*l = -l - l. Suppose -9*g + 1206 = -l*g. What is the hundreds digit of g?
1
Suppose 0 = 5*y + 3*b - 4173 - 2831, -y = -2*b - 1393. Suppose 24*s = 23*s + 4*l + y, 1435 = s + 5*l. What is the thousands digit of s?
1
Suppose -x + 3*b - 14 = 0, 11*x - 9*x + 3*b - 8 = 0. What is the units digit of ((-108)/81)/(x/435)?
0
Let f = -169816 - -412296. What is the units digit of (-2)/11 - f/(-220)?
2
Suppose -2*d - 2*y + 10 = 0, d + 4*y = -y + 25. Suppose 3*v - 3184 = -v + 3*x, -3*v + 3*x + 2391 = d. What is the hundreds digit of v?
7
Let b be 8223/(-39) + (-2)/13. Let w = b + 218. What is the units digit of w?
7
Let t = 116 - 69. Let c = 83 - t. What is the tens digit of c?
3
Let k = 41415 - 29414. What is the ten thousands digit of k?
1
Let t = 67 + 409. Let i = t - 196. What is the units digit of i?
0
Let a(b) be the first derivative of -33*b**2 - 32*b + 93. What is the units digit of a(-6)?
4
Let s be 0*4/8 - 1. Let m be (3 - 0) + 2*-1 - s. Suppose m*t - 376 = -4*w, -4*w - w - 3*t + 469 = 0. What is the units digit of w?
5
Let x = -8057 + 9905. What is the units digit of x?
8
Let u(t) = -t**3 - 10*t**2 - 10*t - 8. Let z(x) = x**2 - x. Let v(g) = -u(g) - 2*z(g). Let f be v(-6). Suppose -f*o + 131 = -45. What is the units digit of o?
2
Suppose 0 = 19*p - 24*p. Suppose p = -y + 13*y. Suppose 5*b - 7*d - 593 = -3*d, y = 4*b + 3*d - 462. What is the units digit of b?
7
Suppose 26*h - 16496 - 50974 = 0. Suppose -20*d + 5*d + h = 0. What is the tens digit of d?
7
Let f(k) = -275*k + 3556. What is the tens digit of f(7)?
3
What is the thousands digit of ((-3)/2)/(3/365172*(14 - 17))?
0
Let y(f) = 11*f**2 - 9*f - 26. Suppose 21 + 49 = -7*u. What is the thousands digit of y(u)?
1
Let x be ((-38)/(-3) + -6)*(-9)/(-1). Let h = x - 53. Suppose h*g - 376 = 310. What is the tens digit of g?
9
Suppose -12*g = -10*g - 11578. Suppose 14*m - 7*m - g = 0. Suppose -9*n + m = -541. What is the units digit of n?
2
Suppose -4*n + 4*i = -24, -2*n - 3*n = -2*i - 27. Suppose -n*y = 4*p - 0*y - 126, 2*p + 3*y = 64. Let b = p - 10. What is the units digit of b?
9
Suppose 15*w + 2847 = -1113. Let l = 4 - w. What is the tens digit of l?
6
Let k = 70 + -170. Let f = -29 - k. Let y = 111 - f. What is the tens digit of y?
4
Let z = 29 - 11. Let b = z - 13. Suppose 130 = -b*c + 7*c. What is the tens digit of c?
6
Let v = 21553 + -11968. What is the units digit of v?
5
Suppose -14802 = 20*u - 23*u. What is the tens digit of u?
3
Let p = 379 - 384. What is the units digit of (p - 234)*(-5)/5?
9
What is the tens digit of (19175/(-10) - (-2)/(-12))/((-37)/111)?
5
Suppose 0*m + 2*m + 2 = -o, 0 = 2*o - 5*m + 4. Let h(q) = 8*q + 244. Let d be h(-12). Let v = d + o. What is the tens digit of v?
4
What is the thousands digit of 12456 + (-23)/((-368)/(-240))?
2
Let h(o) = 83*o**2 - 1961*o - 1. What is the tens digit of h(24)?
4
Suppose 9*f = -4*f + 65. Suppose f*l = 404 + 71. What is the tens digit of l?
9
Let v = 281 + -269. What is the hundreds digit of 15/v + (-41602)/(-88)?
4
Let f = 51 - 34. Suppose 11*s - 2100 = f*s. Let w = s - -605. What is the hundreds digit of w?
2
Suppose 0 = 5*f - 3*v - 162132, -3*f + 97284 = -2490*v + 2489*v. What is the thousands digit of f?
2
Let p = 12 + -18. Let m be (1 - 2)/(2/p). What is the units digit of 2*(-1 - (m + -12))?
6
Let a(m) = -m**3 - 21*m**2 - 16. Let j be a(-21). What is the tens digit of (j/(-24))/((-10)/(-6))*455?
8
Suppose 38*p - 1054613 = -27929. What is the thousands digit of p?
7
What is the tens digit of (5 - -21847) + (-40)/((-56)/7)*1?
5
Let v(o) = -o**3 - 2*o**2 + 5*o - 8. Let l be v(-4). What is the units digit of (2 + (1 - l))/((-7)/2877)?
1
Let y = 24691 + -4373. What is the ten thousands digit of y?
2
Let a(p) be the third derivative of p**5/20 + p**4/6 + 2*p**3/3 - 568*p**2. Let c be 3/((-3)/(-5)) + -1. What is the tens digit of a(c)?
6
Suppose 0 = 212*w - 204*w - 1104. Suppose -4*c + w = -570. What is the tens digit of c?
7
Let n(b) = -b - 16. Let i be n(-8). Let k(f) = -2*f - 6. Let w be k(-7). Let s = w - i. What is the tens digit of s?
1
Suppose g = 4*b - 8, 5*g + 5*b - 6*b + 2 = 0. Suppose -o - 214 = -4*j, 3*j - 4*o - 197 + 30 = g. What is the tens digit of j?
5
Let j = -339 - -261. Let o = j + 375. What is the units digit of o?
7
Let z(g) = g**3 + 18*g**2 - 21*g - 36. Let n be z(-19). Suppose -f = 3*r - 1031, n*r - 5*f = 469 + 224. What is the tens digit of r?
4
Let a(o) = o**2 - 27*o. Let q be a(27). Suppose -24*c - 2950 + 9790 = q. What is the tens digit of c?
8
Let o = 663 + 769. What is the tens digit of o?
3
Suppose 1698 = -15*c - 132. Let r(m) = -m**2 + 2*m + 246. Let s be r(0). Let k = s + c. What is the units digit of k?
4
Let x = -37 + 67. Let g = -28 + x. What is the units digit of (-58 - g)*20/(-16)?
5
Let b(a) = a**3 + 22*a**2 - 36*a - 23. Suppose 7*v + 1285 = 1124. What is the tens digit of b(v)?
7
Suppose 536 = -3*m + 227. Let u = m - -188. Suppose 4*f - u = 19. What is the tens digit of f?
2
What is the thousands digit of 740894/33 - 23/69?
2
Suppose 6*m + 4*m + 850 = 0. Let x = 625 + m. Suppose -4*w + 8*w = x. What is the hundreds digit of w?
1
Let m = -1120 + 745. Let o = 717 + m. What is the units digit of o?
2
Suppose -4*n = 2*s - 6878, -s - 1354 - 2071 = -2*n. What is the units digit of n?
6
Let v(z) = z**3 + z**2 - z + 700. Let r be v(0). Suppose -4*c + 4*u - r = -0*c, 185 = -c - u. What is the units digit of 3 - (-7)/((-35)/c)?
9
Let v = -397 + 2749. What is the hundreds digit of v?
3
Let d = 9659 - 2726. What is the tens digit of d?
3
Suppose 100*u - 108*u = 2080. L